en 5326108 is divided by 3226?
3208
What is the remainder when 9458439 is divided by 2364597?
51
Calculate the remainder when 1388256 is divided by 47.
17
Calculate the remainder when 3972089 is divided by 220.
209
Calculate the remainder when 23009 is divided by 1211.
0
What is the remainder when 59318113 is divided by 727?
2
What is the remainder when 139537 is divided by 368?
65
What is the remainder when 225674 is divided by 220?
174
What is the remainder when 1026603 is divided by 341829?
1116
What is the remainder when 29064855 is divided by 26887?
8
Calculate the remainder when 484113 is divided by 96248.
2873
What is the remainder when 4050986 is divided by 61?
37
Calculate the remainder when 91439782 is divided by 261.
259
What is the remainder when 10913 is divided by 1916?
1333
Calculate the remainder when 229558 is divided by 5726.
518
What is the remainder when 579078 is divided by 82682?
304
What is the remainder when 620550943 is divided by 608?
607
Calculate the remainder when 554546 is divided by 1098.
56
What is the remainder when 477750 is divided by 39804?
102
Calculate the remainder when 147640 is divided by 257.
122
What is the remainder when 1262944 is divided by 63?
46
Calculate the remainder when 14022 is divided by 3298.
830
Calculate the remainder when 145262 is divided by 639.
209
Calculate the remainder when 43012 is divided by 800.
612
Calculate the remainder when 21292196 is divided by 686845.
1
Calculate the remainder when 494860417 is divided by 20.
17
Calculate the remainder when 1226817 is divided by 16357.
42
Calculate the remainder when 3922849 is divided by 784568.
9
Calculate the remainder when 3342035 is divided by 161.
158
Calculate the remainder when 43362094 is divided by 11.
6
Calculate the remainder when 71204 is divided by 23317.
1253
What is the remainder when 286377 is divided by 3181?
87
Calculate the remainder when 33172432 is divided by 31958.
28
What is the remainder when 562942 is divided by 562885?
57
What is the remainder when 718393 is divided by 276?
241
What is the remainder when 285673 is divided by 71409?
37
Calculate the remainder when 411646 is divided by 17896.
38
What is the remainder when 43571414 is divided by 107?
51
Calculate the remainder when 45049 is divided by 288.
121
What is the remainder when 25647870 is divided by 4382?
24
What is the remainder when 983649 is divided by 1670?
19
What is the remainder when 622717 is divided by 993?
106
What is the remainder when 100235 is divided by 50027?
181
Calculate the remainder when 25714524 is divided by 3604.
3588
What is the remainder when 1053751 is divided by 7?
6
What is the remainder when 1792039 is divided by 469?
459
What is the remainder when 216134 is divided by 2485?
2424
What is the remainder when 110750 is divided by 726?
398
What is the remainder when 15501955 is divided by 466?
465
What is the remainder when 44239047 is divided by 242?
237
Calculate the remainder when 85255334 is divided by 3173.
3170
What is the remainder when 594000 is divided by 65997?
27
Calculate the remainder when 88314 is divided by 44106.
102
What is the remainder when 573087 is divided by 152?
47
Calculate the remainder when 342657 is divided by 1757.
42
What is the remainder when 44839437 is divided by 33?
27
What is the remainder when 2757850 is divided by 263?
32
Calculate the remainder when 73382987 is divided by 16735.
12
What is the remainder when 55516603 is divided by 27758295?
13
What is the remainder when 20075475 is divided by 75189?
12
Calculate the remainder when 24641039 is divided by 8050.
8039
Calculate the remainder when 75888 is divided by 1310.
1218
What is the remainder when 1385968 is divided by 1834?
1298
What is the remainder when 428297 is divided by 142761?
14
What is the remainder when 91561447 is divided by 4150?
4147
Calculate the remainder when 8675799 is divided by 1084472.
23
Calculate the remainder when 172976 is divided by 155.
151
Calculate the remainder when 33606 is divided by 82.
68
What is the remainder when 6525197 is divided by 1087532?
5
Calculate the remainder when 1539802 is divided by 77.
33
What is the remainder when 23643213 is divided by 22?
11
Calculate the remainder when 29204343 is divided by 265494.
3
Calculate the remainder when 751882 is divided by 793.
118
What is the remainder when 2115670 is divided by 2343?
2284
Calculate the remainder when 141318 is divided by 42856.
12750
What is the remainder when 17980434 is divided by 3596085?
9
What is the remainder when 4266971 is divided by 5659?
85
What is the remainder when 23536545 is divided by 7845514?
3
What is the remainder when 587545 is divided by 240?
25
What is the remainder when 18203251 is divided by 1945?
1941
What is the remainder when 138254 is divided by 383?
374
What is the remainder when 950330 is divided by 14?
10
What is the remainder when 174654 is divided by 125?
29
Calculate the remainder when 2429671 is divided by 39830.
41
Calculate the remainder when 9021 is divided by 481.
363
Calculate the remainder when 25539067 is divided by 991.
6
Calculate the remainder when 5159775 is divided by 383.
382
Calculate the remainder when 330298 is divided by 1076.
1042
What is the remainder when 70032036 is divided by 10?
6
Calculate the remainder when 245661 is divided by 1640.
1301
Calculate the remainder when 592522535 is divided by 2386.
2383
Calculate the remainder when 334501 is divided by 599.
259
Calculate the remainder when 92339 is divided by 2950.
889
What is the remainder when 6592041 is divided by 225?
216
Calculate the remainder when 36130 is divided by 1062.
22
What is the remainder when 411698065 is divided by 18?
13
What is the remainder when 701107 is divided by 1925?
407
Calculate the remainder when 13311 is divided by 1462.
153
What is the remainder when 3905266 is divided by 43?
6
What is the remainder when 462865 is divided by 231346?
173
What is the remainder when 7628788 is divided by 756?
748
Calculate the remainder when 96598 is divided by 479.
319
What is the remainder when 105929 is divided by 52428?
1073
Calculate the remainder when 5271839 is divided by 111.
5
What is the remainder when 1571674 is divided by 3330?
3244
Calculate the remainder when 1533276 is divided by 359.
346
Calculate the remainder when 51082308 is divided by 87.
84
What is the remainder when 20432590 is divided by 5108120?
110
What is the remainder when 185268680 is divided by 46317168?
8
What is the remainder when 1629535 is divided by 340?
255
Calculate the remainder when 4388104 is divided by 6669.
6571
Calculate the remainder when 17305051 is divided by 8652446.
159
What is the remainder when 85080347 is divided by 559?
547
Calculate the remainder when 6756163 is divided by 102366.
7
What is the remainder when 1677306 is divided by 204?
18
What is the remainder when 1102109 is divided by 80?
29
Calculate the remainder when 78777 is divided by 661.
118
What is the remainder when 228990 is divided by 40?
30
Calculate the remainder when 347062 is divided by 1253.
1234
What is the remainder when 520258 is divided by 1355?
1293
Calculate the remainder when 132714 is divided by 33.
21
Calculate the remainder when 1161972 is divided by 22.
20
What is the remainder when 899926 is divided by 288?
214
What is the remainder when 24857259 is divided by 99429?
9
Calculate the remainder when 53979 is divided by 3712.
2011
Calculate the remainder when 5460037 is divided by 390000.
37
What is the remainder when 209386 is divided by 1774?
54
Calculate the remainder when 155118 is divided by 19374.
126
Calculate the remainder when 312317 is divided by 2242.
679
Calculate the remainder when 7523111 is divided by 11.
2
What is the remainder when 7541113 is divided by 367?
364
What is the remainder when 136573 is divided by 220?
173
What is the remainder when 35603262 is divided by 1271?
10
Calculate the remainder when 13485 is divided by 13359.
126
What is the remainder when 18693396 is divided by 52?
20
Calculate the remainder when 3113970 is divided by 177.
9
What is the remainder when 311526 is divided by 155746?
34
Calculate the remainder when 11634899 is divided by 1670.
9
Calculate the remainder when 5575771 is divided by 28741.
17
Cal